base 9, what is -5413 - -2?
-5411
In base 14, what is -16 - 0?
-16
In base 7, what is -20645 - 2?
-20650
In base 12, what is -9 + 6?
-3
In base 9, what is -4 + 54?
50
In base 14, what is -a - 18?
-24
In base 14, what is 6 - 34?
-2c
In base 16, what is -38 - 156?
-18e
In base 5, what is -304 + -3?
-312
In base 10, what is -93 - 0?
-93
In base 6, what is 23 + -13?
10
In base 6, what is -1335 + 2?
-1333
In base 14, what is 168 + 0?
168
In base 5, what is -21 - -10042?
10021
In base 10, what is 34 + -12?
22
In base 13, what is 64 - -35?
99
In base 5, what is -2 + 214?
212
In base 2, what is 110100 - 1000100?
-10000
In base 5, what is 0 - -113140?
113140
In base 4, what is 1303 - 0?
1303
In base 12, what is 34 + -1a5?
-171
In base 6, what is 1252 + 10?
1302
In base 10, what is 1 - 266?
-265
In base 14, what is -19 - 2c1?
-2da
In base 4, what is -3 - 21?
-30
In base 13, what is -9 - -2?
-7
In base 7, what is -56 - 1?
-60
In base 5, what is -10 + 20132?
20122
In base 3, what is 10 - -112101?
112111
In base 8, what is 237 - -4?
243
In base 10, what is 6 + 88?
94
In base 3, what is 0 - 10201?
-10201
In base 5, what is 3 + 310?
313
In base 3, what is -100220011 - 12?
-100220100
In base 14, what is -4 + -1490?
-1494
In base 13, what is 310 + 4?
314
In base 13, what is 205 + -7?
1cb
In base 4, what is -1 - -1013?
1012
In base 6, what is 0 - -1400?
1400
In base 4, what is 21022 + 2?
21030
In base 10, what is -3086 - -3?
-3083
In base 12, what is 12 + 713?
725
In base 13, what is 3 - -196?
199
In base 16, what is 193 - -1?
194
In base 6, what is 0 + -1131?
-1131
In base 16, what is -2 - 26c?
-26e
In base 13, what is -4 + 1b6?
1b2
In base 16, what is 45e + 2?
460
In base 4, what is 13 + 2111?
2130
In base 10, what is 5 - -63?
68
In base 7, what is -424 - 4?
-431
In base 6, what is -5 - 1241?
-1250
In base 14, what is 4b4 + 2?
4b6
In base 11, what is -9 - -46?
38
In base 14, what is -24 - -15?
-d
In base 8, what is -117 - -4?
-113
In base 12, what is 28b + b?
29a
In base 2, what is -100111101 - 1011?
-101001000
In base 6, what is 124 - -3?
131
In base 9, what is 0 + 38?
38
In base 14, what is ca + 6?
d2
In base 2, what is -10 - 10001101?
-10001111
In base 2, what is 1 + 11000100100?
11000100101
In base 12, what is -8574 - -4?
-8570
In base 16, what is -180 + -4?
-184
In base 4, what is -131200 + 10?
-131130
In base 8, what is -175 - -3?
-172
In base 16, what is -38a - -1?
-389
In base 15, what is -b7 - 0?
-b7
In base 16, what is 1 + 2d?
2e
In base 14, what is -931 + 4?
-92b
In base 5, what is -42401 - -3?
-42343
In base 12, what is 336 - -5?
33b
In base 14, what is 3336 + -5?
3331
In base 5, what is -343 + 10?
-333
In base 12, what is 638 - -19?
655
In base 13, what is 4 - 58?
-54
In base 3, what is -2111 + -12?
-2200
In base 5, what is 31 + 203?
234
In base 16, what is -2 - 72?
-74
In base 15, what is -1 + 47?
46
In base 11, what is -50 + -7?
-57
In base 5, what is 323 + -100?
223
In base 9, what is -50 - -214?
154
In base 14, what is -88 + 1b?
-6b
In base 7, what is 16 + 21?
40
In base 8, what is -1367 - 2?
-1371
In base 4, what is -2110 - -2?
-2102
In base 9, what is 280 - -5?
285
In base 10, what is 3632 + -2?
3630
In base 4, what is -20 - 1023?
-1103
In base 9, what is 26 + -72?
-45
In base 11, what is 2 + 3?
5
In base 4, what is -101200 + -11?
-101211
In base 12, what is -68 + -5?
-71
In base 14, what is -4ca7 + 1?
-4ca6
In base 7, what is -5 + -54?
-62
In base 9, what is 30 + 1?
31
In base 11, what is -53 + -1a?
-72
In base 12, what is -113b + 1?
-113a
In base 7, what is 36 - 40?
-1
In base 16, what is -906 - 1?
-907
In base 11, what is -2479 - 2?
-2480
In base 12, what is -17 - 43?
-5a
In base 9, what is 48 + -46?
2
In base 13, what is 3 + 36?
39
In base 5, what is 2 + 241?
243
In base 5, what is -1141 + 2?
-1134
In base 3, what is -12 - -1111?
1022
In base 4, what is -1133 + 231?
-302
In base 7, what is 16625 - 3?
16622
In base 5, what is -1044310 + -10?
-1044320
In base 4, what is 2 - -2101?
2103
In base 6, what is 4 + -10444?
-10440
In base 11, what is 0 - 37?
-37
In base 16, what is 5 + c?
11
In base 5, what is 41 + 10004?
10100
In base 2, what is 10 + -110011?
-110001
In base 7, what is 5 - -6453?
6461
In base 14, what is -88 + -8?
-92
In base 2, what is -101 - -1000001?
111100
In base 14, what is 28 + 42?
6a
In base 15, what is -14a + d?
-13c
In base 15, what is 1bc0 - 2?
1bbd
In base 9, what is 806 + 4?
811
In base 15, what is -4 - -4ce?
4ca
In base 9, what is 6 - -103?
110
In base 10, what is -143 - 9?
-152
In base 9, what is 5 + -74?
-68
In base 10, what is 101 + 1?
102
In base 16, what is -4 - 6?
-a
In base 3, what is -1 - -102002?
102001
In base 15, what is a1 - a?
96
In base 7, what is -226 - 235?
-464
In base 10, what is 130 + 6?
136
In base 13, what is 1b + 2?
20
In base 16, what is 3 + -175e?
-175b
In base 8, what is 44165 - 0?
44165
In base 3, what is 1 - -22211011?
22211012
In base 15, what is 3 + 13b?
13e
In base 10, what is -988 - 1?
-989
In base 14, what is -10b4 - 0?
-10b4
In base 12, what is 10 + 9?
19
In base 15, what is -481 + 5?
-47b
In base 5, what is 11 + 214304?
214320
In base 6, what is -5 - 34103?
-34112
In base 15, what is -18 + -274?
-28c
In base 14, what is -d78 - 0?
-d78
In base 7, what is 1 - -1523?
1524
In base 2, what is -10101101001 + -1?
-10101101010
In base 13, what is -1 - 229?
-22a
In base 8, what is -21360 + -2?
-21362
In base 13, what is 5 + -2235?
-2230
In base 4, what is -122 - -10023?
3301
In base 15, what is -52b + -3?
-52e
In base 5, what is 14 - -2001?
2020
In base 9, what is 1 + 135?
136
In base 5, what is -2 - -132434?
132432
In base 14, what is -2d - -7?
-26
In base 12, what is -2 + 2693?
2691
In base 6, what is 5550 + 2?
5552
In base 4, what is -2 + -1303?
-1311
In base 2, what is 101 + -1010?
-101
In base 2, what is -1001000 - 1000?
-1010000
In base 14, what is 6 + 4b?
53
In base 8, what is 236 - 0?
236
In base 5, what is -1120 + -3?
-1123
In base 9, what is 2 + 7183?
7185
In base 10, what is -9 - -110?
101
In base 14, what is 10c + -40?
ac
In base 4, what is -12 - 213?
-231
In base 5, what is 14331 + 2?
14333
In base 11, what is 607 - -a?
616
In base 9, what is -7682 + -8?
-7701
In base 7, what is 0 + -2252?
-2252
In base 10, what is 7 + 0?
7
In base 7, what is 1 + -141?
-140
In base 9, what is -302 + 21?
-271
In base 14, what is 57 - -3?
5a
In base 14, what is -5 + d?
8
In base 11, what is 3 + 1?
4
In base 13, what is a + 3?
10
In base 6, what is -2 + 231?
225
In base 3, what is -11 + -1020020?
-1020101
In base 8, what is -164 + 260?
74
In base 2, what is -1010 - -101001?
11111
In base 10, what is -5 - -84?
79
In base 6, what is -111 + -13?
-124
In base 6, what is -1145 - -4?
-1141
In base 12, what is 11269 - -3?
11270
In base 7, what is -132001 - -4?
-131664
In base 8, what is 414 - 2?
412
In base 11, what is -400 - 4?
-404
In base 10, what is 5 + -92?
-87
In base 13, what is 21 - -b4?
105
In base 8, what is 1 + -3502?
-3501
In base 5, what is 214 + -1142?
-423
In base 3, what is 2 - 11000?
-10221
In base 14, what is -6a + 33?
-37
In base 8, what is 3000 + -2?
2776
In base 11, what is -46 - 17?
-62
In base 16, what is -4c - 7?
-53
In base 11, what is 74 - -1?
75
In base 5, what is 10 + -103?
-43
In base 11, what is 105 - a?
a6
In base 3, what is 2011 - 1002?
1002
In base 16, what is 23 - -42?
65
In base 4, what is 1122 + 0?
1122
In base 2, what is -10111 + 101000?
10001
In base 5, what is 30042 + -2?
30040
In base 5, what is 130 + -22?
103
In base 7, what is -51 + 135?
54
In base 11, what is 55 + 2?
57
In base 9, what is 5 + 256?
262
In base 3, what is 122120 - -202?
200022
In base 8, what is -17162 - 3?
-17165
In base 8, what is -11454 + 4?
-11450
In base 5, what is 2202 - 10?
2142
In base 8, what is 13014 + 3?
13017
In base 3, what is 121 - 112?
2
In base 12, what is 6b + -13?
58
In base 16, what is -8 - -212?
20a
In base 12, what is 69 - 3?
66
In base 10, what is -9 + -2?
-11
In base 6, what is -251 - -11?
-240
In base 16, what is -5 - -1f43?
1f3e
In base 6, what is -54 + 1023?
525
In base 9, what is -273 - 2?
-275
In base 2, what is -100 - -1100?
1000
In base 8, what is -3 + 425?
422
In base 5, what is -24 + -443?
-1022
In base 16, what is -1ae - -4?
-1aa
In base 11, what is 941 + 3?
9